{"id":17,"date":"2014-01-02T21:33:04","date_gmt":"2014-01-02T21:33:04","guid":{"rendered":"http:\/\/jo0an.no-ip.biz\/wordpress2\/wordpress\/?page_id=17"},"modified":"2016-04-05T12:32:51","modified_gmt":"2016-04-05T11:32:51","slug":"el-local","status":"publish","type":"page","link":"https:\/\/mediterraneorestaurante.es\/es\/el-local\/","title":{"rendered":"El local"},"content":{"rendered":"\r\n\t<div class=\"slideshow_container slideshow_container_style-light\" style=\"height: 300px; \" data-slideshow-id=\"72\" data-style-name=\"style-light\" data-style-version=\"2.3.1\" >\r\n\r\n\t\t\t\t\t<div class=\"slideshow_loading_icon\"><\/div>\r\n\t\t\r\n\t\t<div class=\"slideshow_content\" style=\"display: none;\">\r\n\r\n\t\t\t<div class=\"slideshow_view\">\r\n\t\t\t\t<div class=\"slideshow_slide slideshow_slide_image\">\r\n\t\t\t\t\t\t\t\t\t\t\t<img src=\"https:\/\/mediterraneorestaurante.es\/wp-content\/uploads\/2014\/02\/Terrassa1.jpg\" alt=\"Terrassa1\" width=\"2952\" height=\"475\" \/>\r\n\t\t\t\t\t\t\t\t\t\t<div class=\"slideshow_description_box slideshow_transparent\">\r\n\t\t\t\t\t\t<div class=\"slideshow_title\">Terrassa1<\/div>\t\t\t\t\t\t\t\t\t\t\t<\/div>\r\n\t\t\t\t<\/div>\r\n\r\n\t\t\t\t\t\t<div style=\"clear: both;\"><\/div><\/div><div class=\"slideshow_view\">\r\n\t\t\t\t<div class=\"slideshow_slide slideshow_slide_image\">\r\n\t\t\t\t\t\t\t\t\t\t\t<img src=\"https:\/\/mediterraneorestaurante.es\/wp-content\/uploads\/2014\/02\/MenjadorPanor\u00e1mica1.jpg\" alt=\"MenjadorPanor\u00e1mica1\" width=\"2742\" height=\"524\" \/>\r\n\t\t\t\t\t\t\t\t\t\t<div class=\"slideshow_description_box slideshow_transparent\">\r\n\t\t\t\t\t\t<div class=\"slideshow_title\">MenjadorPanor\u00e1mica1<\/div>\t\t\t\t\t\t\t\t\t\t\t<\/div>\r\n\t\t\t\t<\/div>\r\n\r\n\t\t\t\t\t\t<div style=\"clear: both;\"><\/div><\/div><div class=\"slideshow_view\">\r\n\t\t\t\t<div class=\"slideshow_slide slideshow_slide_image\">\r\n\t\t\t\t\t\t\t\t\t\t\t<img src=\"https:\/\/mediterraneorestaurante.es\/wp-content\/uploads\/2014\/02\/MenjadorPanor\u00e1mica2.jpg\" alt=\"MenjadorPanor\u00e1mica2\" width=\"2150\" height=\"536\" \/>\r\n\t\t\t\t\t\t\t\t\t\t<div class=\"slideshow_description_box slideshow_transparent\">\r\n\t\t\t\t\t\t<div class=\"slideshow_title\">MenjadorPanor\u00e1mica2<\/div>\t\t\t\t\t\t\t\t\t\t\t<\/div>\r\n\t\t\t\t<\/div>\r\n\r\n\t\t\t\t\t\t<div style=\"clear: both;\"><\/div><\/div><div class=\"slideshow_view\">\r\n\t\t\t\t<div class=\"slideshow_slide slideshow_slide_image\">\r\n\t\t\t\t\t\t\t\t\t\t\t<img src=\"https:\/\/mediterraneorestaurante.es\/wp-content\/uploads\/2014\/02\/Menjador4.jpg\" alt=\"Menjador4\" width=\"2077\" height=\"1125\" \/>\r\n\t\t\t\t\t\t\t\t\t\t<div class=\"slideshow_description_box slideshow_transparent\">\r\n\t\t\t\t\t\t<div class=\"slideshow_title\">Menjador4<\/div>\t\t\t\t\t\t\t\t\t\t\t<\/div>\r\n\t\t\t\t<\/div>\r\n\r\n\t\t\t\t\t\t<div style=\"clear: both;\"><\/div><\/div><div class=\"slideshow_view\">\r\n\t\t\t\t<div class=\"slideshow_slide slideshow_slide_image\">\r\n\t\t\t\t\t\t\t\t\t\t\t<img src=\"https:\/\/mediterraneorestaurante.es\/wp-content\/uploads\/2014\/02\/Menjador2.jpg\" alt=\"Menjador2\" width=\"2229\" height=\"1252\" \/>\r\n\t\t\t\t\t\t\t\t\t\t<div class=\"slideshow_description_box slideshow_transparent\">\r\n\t\t\t\t\t\t<div class=\"slideshow_title\">Menjador2<\/div>\t\t\t\t\t\t\t\t\t\t\t<\/div>\r\n\t\t\t\t<\/div>\r\n\r\n\t\t\t\t\t\t<div style=\"clear: both;\"><\/div><\/div><div class=\"slideshow_view\">\r\n\t\t\t\t<div class=\"slideshow_slide slideshow_slide_image\">\r\n\t\t\t\t\t\t\t\t\t\t\t<img src=\"https:\/\/mediterraneorestaurante.es\/wp-content\/uploads\/2014\/02\/Menjador3.jpg\" alt=\"Menjador3\" width=\"1814\" height=\"1019\" \/>\r\n\t\t\t\t\t\t\t\t\t\t<div class=\"slideshow_description_box slideshow_transparent\">\r\n\t\t\t\t\t\t<div class=\"slideshow_title\">Menjador3<\/div>\t\t\t\t\t\t\t\t\t\t\t<\/div>\r\n\t\t\t\t<\/div>\r\n\r\n\t\t\t\t\t\t<div style=\"clear: both;\"><\/div><\/div><div class=\"slideshow_view\">\r\n\t\t\t\t<div class=\"slideshow_slide slideshow_slide_image\">\r\n\t\t\t\t\t\t\t\t\t\t\t<img src=\"https:\/\/mediterraneorestaurante.es\/wp-content\/uploads\/2014\/02\/Menjador1.jpg\" alt=\"Menjador1\" width=\"1814\" height=\"1019\" \/>\r\n\t\t\t\t\t\t\t\t\t\t<div class=\"slideshow_description_box slideshow_transparent\">\r\n\t\t\t\t\t\t<div class=\"slideshow_title\">Menjador1<\/div>\t\t\t\t\t\t\t\t\t\t\t<\/div>\r\n\t\t\t\t<\/div>\r\n\r\n\t\t\t\t\t\t<div style=\"clear: both;\"><\/div><\/div><div class=\"slideshow_view\">\r\n\t\t\t\t<div class=\"slideshow_slide slideshow_slide_image\">\r\n\t\t\t\t\t\t\t\t\t\t\t<img src=\"https:\/\/mediterraneorestaurante.es\/wp-content\/uploads\/2014\/02\/Terrassa2.jpg\" alt=\"Terrassa2\" width=\"1697\" height=\"511\" \/>\r\n\t\t\t\t\t\t\t\t\t\t<div class=\"slideshow_description_box slideshow_transparent\">\r\n\t\t\t\t\t\t<div class=\"slideshow_title\">Terrassa2<\/div>\t\t\t\t\t\t\t\t\t\t\t<\/div>\r\n\t\t\t\t<\/div>\r\n\r\n\t\t\t\t\t\t<div style=\"clear: both;\"><\/div><\/div><div class=\"slideshow_view\">\r\n\t\t\t\t<div class=\"slideshow_slide slideshow_slide_image\">\r\n\t\t\t\t\t\t\t\t\t\t\t<img src=\"https:\/\/mediterraneorestaurante.es\/wp-content\/uploads\/2014\/02\/0Terrassa.jpg\" alt=\"0Terrassa\" width=\"1776\" height=\"1332\" \/>\r\n\t\t\t\t\t\t\t\t\t\t<div class=\"slideshow_description_box slideshow_transparent\">\r\n\t\t\t\t\t\t<div class=\"slideshow_title\">0Terrassa<\/div>\t\t\t\t\t\t\t\t\t\t\t<\/div>\r\n\t\t\t\t<\/div>\r\n\r\n\t\t\t\t\t\t<div style=\"clear: both;\"><\/div><\/div><div class=\"slideshow_view\">\r\n\t\t\t\t<div class=\"slideshow_slide slideshow_slide_image\">\r\n\t\t\t\t\t\t\t\t\t\t\t<img src=\"https:\/\/mediterraneorestaurante.es\/wp-content\/uploads\/2014\/02\/0terrassa1.jpg\" alt=\"0terrassa1\" width=\"922\" height=\"691\" \/>\r\n\t\t\t\t\t\t\t\t\t\t<div class=\"slideshow_description_box slideshow_transparent\">\r\n\t\t\t\t\t\t<div class=\"slideshow_title\">0terrassa1<\/div>\t\t\t\t\t\t\t\t\t\t\t<\/div>\r\n\t\t\t\t<\/div>\r\n\r\n\t\t\t\t\t\t<div style=\"clear: both;\"><\/div><\/div>\r\n\t\t<\/div>\r\n\r\n\t\t<div class=\"slideshow_controlPanel slideshow_transparent\" style=\"display: none;\"><ul><li class=\"slideshow_togglePlay\" data-play-text=\"Play\" data-pause-text=\"Pause\"><\/li><\/ul><\/div>\r\n\r\n\t\t<div class=\"slideshow_button slideshow_previous slideshow_transparent\" role=\"button\" data-previous-text=\"Previous\" style=\"display: none;\"><\/div>\r\n\t\t<div class=\"slideshow_button slideshow_next slideshow_transparent\" role=\"button\" data-next-text=\"Next\" style=\"display: none;\"><\/div>\r\n\r\n\t\t<div class=\"slideshow_pagination\" style=\"display: none;\" data-go-to-text=\"Go to slide\"><div class=\"slideshow_pagination_center\"><\/div><\/div>\r\n\r\n\t\t<!-- WordPress Slideshow Version 2.3.1 -->\r\n\r\n\t\t\t<\/div>\r\n\r\n\n<br \/>\nEl Restaurante Mediterr\u00e1neo, se encuentra ubicado en la Traves\u00eda Pinedo al Mar, \u00a0N\u00ba 88 , junto al Paseo Mar\u00edtimo de Pinedo.<\/p>\n<p>Nuestra cocina se basa en la dieta mediterr\u00e1nea t\u00edpica del Parque Natural de la Albufera.<\/p>\n<p>El objetivo en la empresa, es que todos nuestros clientes pasen un momento agradable en nuestro restaurante.<\/p>\n<p>El local consta con un comedor con una capacidad aproximada de 75 comensales, reci\u00e9n reformado y climatizado y con acceso a personas minusv\u00e1lidas.<\/p>\n<p>Tambi\u00e9n dispone de dos amplias terrazas exteriores, con unas excelentes vistas al puerto de Valencia y al mar, donde poder degustar nuestras especialidades.<br \/>","protected":false},"excerpt":{"rendered":"<p>El Restaurante Mediterr\u00e1neo, se encuentra ubicado en la Traves\u00eda Pinedo al Mar, \u00a0N\u00ba 88 , junto al Paseo Mar\u00edtimo de Pinedo. Nuestra cocina se basa en la dieta mediterr\u00e1nea t\u00edpica del Parque Natural de la Albufera. El objetivo en la empresa, es que todos nuestros clientes pasen un momento agradable en nuestro restaurante. El local [&hellip;]<\/p>\n","protected":false},"author":1,"featured_media":397,"parent":0,"menu_order":0,"comment_status":"open","ping_status":"open","template":"","meta":{"footnotes":""},"_links":{"self":[{"href":"https:\/\/mediterraneorestaurante.es\/es\/wp-json\/wp\/v2\/pages\/17"}],"collection":[{"href":"https:\/\/mediterraneorestaurante.es\/es\/wp-json\/wp\/v2\/pages"}],"about":[{"href":"https:\/\/mediterraneorestaurante.es\/es\/wp-json\/wp\/v2\/types\/page"}],"author":[{"embeddable":true,"href":"https:\/\/mediterraneorestaurante.es\/es\/wp-json\/wp\/v2\/users\/1"}],"replies":[{"embeddable":true,"href":"https:\/\/mediterraneorestaurante.es\/es\/wp-json\/wp\/v2\/comments?post=17"}],"version-history":[{"count":29,"href":"https:\/\/mediterraneorestaurante.es\/es\/wp-json\/wp\/v2\/pages\/17\/revisions"}],"predecessor-version":[{"id":511,"href":"https:\/\/mediterraneorestaurante.es\/es\/wp-json\/wp\/v2\/pages\/17\/revisions\/511"}],"wp:featuredmedia":[{"embeddable":true,"href":"https:\/\/mediterraneorestaurante.es\/es\/wp-json\/wp\/v2\/media\/397"}],"wp:attachment":[{"href":"https:\/\/mediterraneorestaurante.es\/es\/wp-json\/wp\/v2\/media?parent=17"}],"curies":[{"name":"wp","href":"https:\/\/api.w.org\/{rel}","templated":true}]}}

<div class="slideshow_container slideshow_container_style-light" style="height: 300px; " data-slideshow-id="72" data-style-name="style-light" data-style-version="2.3.1" >

					<div class="slideshow_loading_icon"></div>
		
		<div class="slideshow_content" style="display: none;">

			<div class="slideshow_view">
				<div class="slideshow_slide slideshow_slide_image">
											<img src="https://mediterraneorestaurante.es/wp-content/uploads/2014/02/Terrassa1.jpg" alt="Terrassa1" width="2952" height="475" />
										<div class="slideshow_description_box slideshow_transparent">
						<div class="slideshow_title">Terrassa1</div>											</div>
				</div>

						<div style="clear: both;"></div></div><div class="slideshow_view">
				<div class="slideshow_slide slideshow_slide_image">
											<img src="https://mediterraneorestaurante.es/wp-content/uploads/2014/02/MenjadorPanorámica1.jpg" alt="MenjadorPanorámica1" width="2742" height="524" />
										<div class="slideshow_description_box slideshow_transparent">
						<div class="slideshow_title">MenjadorPanorámica1</div>											</div>
				</div>

						<div style="clear: both;"></div></div><div class="slideshow_view">
				<div class="slideshow_slide slideshow_slide_image">
											<img src="https://mediterraneorestaurante.es/wp-content/uploads/2014/02/MenjadorPanorámica2.jpg" alt="MenjadorPanorámica2" width="2150" height="536" />
										<div class="slideshow_description_box slideshow_transparent">
						<div class="slideshow_title">MenjadorPanorámica2</div>											</div>
				</div>

						<div style="clear: both;"></div></div><div class="slideshow_view">
				<div class="slideshow_slide slideshow_slide_image">
											<img src="https://mediterraneorestaurante.es/wp-content/uploads/2014/02/Menjador4.jpg" alt="Menjador4" width="2077" height="1125" />
										<div class="slideshow_description_box slideshow_transparent">
						<div class="slideshow_title">Menjador4</div>											</div>
				</div>

						<div style="clear: both;"></div></div><div class="slideshow_view">
				<div class="slideshow_slide slideshow_slide_image">
											<img src="https://mediterraneorestaurante.es/wp-content/uploads/2014/02/Menjador2.jpg" alt="Menjador2" width="2229" height="1252" />
										<div class="slideshow_description_box slideshow_transparent">
						<div class="slideshow_title">Menjador2</div>											</div>
				</div>

						<div style="clear: both;"></div></div><div class="slideshow_view">
				<div class="slideshow_slide slideshow_slide_image">
											<img src="https://mediterraneorestaurante.es/wp-content/uploads/2014/02/Menjador3.jpg" alt="Menjador3" width="1814" height="1019" />
										<div class="slideshow_description_box slideshow_transparent">
						<div class="slideshow_title">Menjador3</div>											</div>
				</div>

						<div style="clear: both;"></div></div><div class="slideshow_view">
				<div class="slideshow_slide slideshow_slide_image">
											<img src="https://mediterraneorestaurante.es/wp-content/uploads/2014/02/Menjador1.jpg" alt="Menjador1" width="1814" height="1019" />
										<div class="slideshow_description_box slideshow_transparent">
						<div class="slideshow_title">Menjador1</div>											</div>
				</div>

						<div style="clear: both;"></div></div><div class="slideshow_view">
				<div class="slideshow_slide slideshow_slide_image">
											<img src="https://mediterraneorestaurante.es/wp-content/uploads/2014/02/Terrassa2.jpg" alt="Terrassa2" width="1697" height="511" />
										<div class="slideshow_description_box slideshow_transparent">
						<div class="slideshow_title">Terrassa2</div>											</div>
				</div>

						<div style="clear: both;"></div></div><div class="slideshow_view">
				<div class="slideshow_slide slideshow_slide_image">
											<img src="https://mediterraneorestaurante.es/wp-content/uploads/2014/02/0Terrassa.jpg" alt="0Terrassa" width="1776" height="1332" />
										<div class="slideshow_description_box slideshow_transparent">
						<div class="slideshow_title">0Terrassa</div>											</div>
				</div>

						<div style="clear: both;"></div></div><div class="slideshow_view">
				<div class="slideshow_slide slideshow_slide_image">
											<img src="https://mediterraneorestaurante.es/wp-content/uploads/2014/02/0terrassa1.jpg" alt="0terrassa1" width="922" height="691" />
										<div class="slideshow_description_box slideshow_transparent">
						<div class="slideshow_title">0terrassa1</div>											</div>
				</div>

						<div style="clear: both;"></div></div>
		</div>

		<div class="slideshow_controlPanel slideshow_transparent" style="display: none;"><ul><li class="slideshow_togglePlay" data-play-text="Play" data-pause-text="Pause"></li></ul></div>

		<div class="slideshow_button slideshow_previous slideshow_transparent" role="button" data-previous-text="Previous" style="display: none;"></div>
		<div class="slideshow_button slideshow_next slideshow_transparent" role="button" data-next-text="Next" style="display: none;"></div>

		<div class="slideshow_pagination" style="display: none;" data-go-to-text="Go to slide"><div class="slideshow_pagination_center"></div></div>

		<!-- WordPress Slideshow Version 2.3.1 -->

			</div>


<br />
El Restaurante Mediterráneo, se encuentra ubicado en la Travesía Pinedo al Mar,  Nº 88 , junto al Paseo Marítimo de Pinedo.</p>
<p>Nuestra cocina se basa en la dieta mediterránea típica del Parque Natural de la Albufera.</p>
<p>El objetivo en la empresa, es que todos nuestros clientes pasen un momento agradable en nuestro restaurante.</p>
<p>El local consta con un comedor con una capacidad aproximada de 75 comensales, recién reformado y climatizado y con acceso a personas minusválidas.</p>
<p>También dispone de dos amplias terrazas exteriores, con unas excelentes vistas al puerto de Valencia y al mar, donde poder degustar nuestras especialidades.<br />

<p>El Restaurante Mediterráneo, se encuentra ubicado en la Travesía Pinedo al Mar,  Nº 88 , junto al Paseo Marítimo de Pinedo. Nuestra cocina se basa en la dieta mediterránea típica del Parque Natural de la Albufera. El objetivo en la empresa, es que todos nuestros clientes pasen un momento agradable en nuestro restaurante. El local [&hellip;]</p>
