{"id":36,"date":"2014-01-03T00:10:06","date_gmt":"2014-01-02T23:10:06","guid":{"rendered":"http:\/\/jo0an.no-ip.biz\/wordpress2\/wordpress\/?page_id=36"},"modified":"2014-03-26T15:40:38","modified_gmt":"2014-03-26T14:40:38","slug":"menjars","status":"publish","type":"page","link":"https:\/\/mediterraneorestaurante.es\/es\/menjars\/","title":{"rendered":"La cocina"},"content":{"rendered":"<p><div class=\"su-row\">\n<div class=\"su-column su-column-size-1-4\"><div class=\"su-column-inner su-clearfix\">\n<p><a title=\"Entrantes\" href=\"http:\/\/mediterraneorestaurante.es\/?page_id=105&amp;lang=es\"><img loading=\"lazy\" decoding=\"async\" class=\"aligncenter size-medium wp-image-211\" alt=\"Amanida de la casa\" src=\"http:\/\/mediterraneorestaurante.es\/wp-content\/uploads\/2014\/02\/EntrantsENSALADACASA3.jpg\" width=\"300\" height=\"225\" \/><\/a><\/p>\n<h4 style=\"text-align: center;\"><a title=\"Entrantes\" href=\"http:\/\/mediterraneorestaurante.es\/?page_id=105&amp;lang=es\">Entrantes<\/a><\/h4>\n<\/div><\/div>\n<div class=\"su-column su-column-size-1-4\"><div class=\"su-column-inner su-clearfix\">\n<p><a title=\"Paellas\" href=\"http:\/\/mediterraneorestaurante.es\/?page_id=110&amp;lang=es\"><img loading=\"lazy\" decoding=\"async\" class=\"aligncenter size-medium wp-image-215\" alt=\"paella valenciana per a 4\" src=\"http:\/\/mediterraneorestaurante.es\/wp-content\/uploads\/2014\/02\/PAELLA_VALENCIANA5.jpg\" width=\"300\" height=\"225\" \/><\/a><\/p>\n<h4 style=\"text-align: center;\"><a title=\"Paellas\" href=\"http:\/\/mediterraneorestaurante.es\/?page_id=110&amp;lang=es\">Paellas<\/a><\/h4>\n<p style=\"text-align: left;\"><\/div><\/div>\n<div class=\"su-column su-column-size-1-4\"><div class=\"su-column-inner su-clearfix\">\n<h4 style=\"text-align: center;\"><a title=\"Arroces melosos\" href=\"http:\/\/mediterraneorestaurante.es\/?page_id=112&amp;lang=es\"><img loading=\"lazy\" decoding=\"async\" class=\"aligncenter size-medium wp-image-208\" alt=\"Arr\u00f2s amb carranc\" src=\"http:\/\/mediterraneorestaurante.es\/wp-content\/uploads\/2014\/02\/PARRILLADA.jpg\" width=\"300\" height=\"225\" \/><\/a><a title=\"Arroces melosos\" href=\"http:\/\/mediterraneorestaurante.es\/?page_id=112&amp;lang=es\">Platos y cazuelas<\/a><\/h4>\n<\/div><\/div>\n<div class=\"su-column su-column-size-1-4\"><div class=\"su-column-inner su-clearfix\">\n<h4 style=\"text-align: center;\"><a title=\"Postres\" href=\"http:\/\/mediterraneorestaurante.es\/?page_id=114&amp;lang=es\"><img loading=\"lazy\" decoding=\"async\" class=\"aligncenter size-medium wp-image-207\" alt=\"Flam de la iaia\" src=\"http:\/\/mediterraneorestaurante.es\/wp-content\/uploads\/2014\/02\/PostreCOMBO1.jpg\" width=\"300\" height=\"225\" \/><\/a><a title=\"Postres\" href=\"http:\/\/mediterraneorestaurante.es\/?page_id=114&amp;lang=es\">Postres<\/a><br \/>\n<\/div><\/div><\/h4>\n<\/div>\n<p><\/p>\n<p>Nuestra cocina combina las bases de la gastronom\u00eda mediterr\u00e1nea y tradicional t\u00edpica del Parque Natural de l&#8217;Albufera.<\/p>","protected":false},"excerpt":{"rendered":"<p>Nuestra cocina combina las bases de la gastronom\u00eda mediterr\u00e1nea y tradicional t\u00edpica del Parque Natural de l&#8217;Albufera.<\/p>\n","protected":false},"author":1,"featured_media":338,"parent":0,"menu_order":0,"comment_status":"open","ping_status":"open","template":"","meta":{"footnotes":""},"_links":{"self":[{"href":"https:\/\/mediterraneorestaurante.es\/es\/wp-json\/wp\/v2\/pages\/36"}],"collection":[{"href":"https:\/\/mediterraneorestaurante.es\/es\/wp-json\/wp\/v2\/pages"}],"about":[{"href":"https:\/\/mediterraneorestaurante.es\/es\/wp-json\/wp\/v2\/types\/page"}],"author":[{"embeddable":true,"href":"https:\/\/mediterraneorestaurante.es\/es\/wp-json\/wp\/v2\/users\/1"}],"replies":[{"embeddable":true,"href":"https:\/\/mediterraneorestaurante.es\/es\/wp-json\/wp\/v2\/comments?post=36"}],"version-history":[{"count":65,"href":"https:\/\/mediterraneorestaurante.es\/es\/wp-json\/wp\/v2\/pages\/36\/revisions"}],"predecessor-version":[{"id":455,"href":"https:\/\/mediterraneorestaurante.es\/es\/wp-json\/wp\/v2\/pages\/36\/revisions\/455"}],"wp:featuredmedia":[{"embeddable":true,"href":"https:\/\/mediterraneorestaurante.es\/es\/wp-json\/wp\/v2\/media\/338"}],"wp:attachment":[{"href":"https:\/\/mediterraneorestaurante.es\/es\/wp-json\/wp\/v2\/media?parent=36"}],"curies":[{"name":"wp","href":"https:\/\/api.w.org\/{rel}","templated":true}]}}

<p><div class="su-row">
<div class="su-column su-column-size-1-4"><div class="su-column-inner su-clearfix">
<p><a title="Entrantes" href="http://mediterraneorestaurante.es/?page_id=105&amp;lang=es"><img loading="lazy" decoding="async" class="aligncenter size-medium wp-image-211" alt="Amanida de la casa" src="http://mediterraneorestaurante.es/wp-content/uploads/2014/02/EntrantsENSALADACASA3.jpg" width="300" height="225" /></a></p>
<h4 style="text-align: center;"><a title="Entrantes" href="http://mediterraneorestaurante.es/?page_id=105&amp;lang=es">Entrantes</a></h4>
</div></div>
<div class="su-column su-column-size-1-4"><div class="su-column-inner su-clearfix">
<p><a title="Paellas" href="http://mediterraneorestaurante.es/?page_id=110&amp;lang=es"><img loading="lazy" decoding="async" class="aligncenter size-medium wp-image-215" alt="paella valenciana per a 4" src="http://mediterraneorestaurante.es/wp-content/uploads/2014/02/PAELLA_VALENCIANA5.jpg" width="300" height="225" /></a></p>
<h4 style="text-align: center;"><a title="Paellas" href="http://mediterraneorestaurante.es/?page_id=110&amp;lang=es">Paellas</a></h4>
<p style="text-align: left;"></div></div>
<div class="su-column su-column-size-1-4"><div class="su-column-inner su-clearfix">
<h4 style="text-align: center;"><a title="Arroces melosos" href="http://mediterraneorestaurante.es/?page_id=112&amp;lang=es"><img loading="lazy" decoding="async" class="aligncenter size-medium wp-image-208" alt="Arròs amb carranc" src="http://mediterraneorestaurante.es/wp-content/uploads/2014/02/PARRILLADA.jpg" width="300" height="225" /></a><a title="Arroces melosos" href="http://mediterraneorestaurante.es/?page_id=112&amp;lang=es">Platos y cazuelas</a></h4>
</div></div>
<div class="su-column su-column-size-1-4"><div class="su-column-inner su-clearfix">
<h4 style="text-align: center;"><a title="Postres" href="http://mediterraneorestaurante.es/?page_id=114&amp;lang=es"><img loading="lazy" decoding="async" class="aligncenter size-medium wp-image-207" alt="Flam de la iaia" src="http://mediterraneorestaurante.es/wp-content/uploads/2014/02/PostreCOMBO1.jpg" width="300" height="225" /></a><a title="Postres" href="http://mediterraneorestaurante.es/?page_id=114&amp;lang=es">Postres</a><br />
</div></div></h4>
</div>
<p></p>
<p>Nuestra cocina combina las bases de la gastronomía mediterránea y tradicional típica del Parque Natural de l&#8217;Albufera.</p>

<p>Nuestra cocina combina las bases de la gastronomía mediterránea y tradicional típica del Parque Natural de l&#8217;Albufera.</p>
